{"id":37,"date":"2021-02-26T10:49:54","date_gmt":"2021-02-26T10:49:54","guid":{"rendered":"https:\/\/ayurveda-am-chiemsee.com\/?page_id=37"},"modified":"2021-03-18T10:26:18","modified_gmt":"2021-03-18T10:26:18","slug":"datenschutzerklaerung","status":"publish","type":"page","link":"https:\/\/ayurveda-am-chiemsee.com\/index.php\/datenschutzerklaerung\/","title":{"rendered":"Datenschutzerkl\u00e4rung"},"content":{"rendered":"<p><strong>Erfassung und Verarbeitung personenbezogener Daten:<\/strong><\/p>\n<p>Bei der Nutzung dieser Website ayurveda-am-chiemsee.com werden durch den von Ihnen verwendeten Internet-Browser Daten an den Server unserer Website verschickt. Diese Daten werden tempor\u00e4r in einem Logfile gespeichert. Die Speicherung erfolgt automatisch, ohne Ihr Mitwirken. Bei den Daten handelt es sich um die nachfolgend aufgez\u00e4hlten Informationen:<\/p>\n<ul>\n<li>\u00a0IP-Adresse des von Ihnen benutzten Endger\u00e4tes,<\/li>\n<li>die Bezeichnung Ihres Providers, Ihres verwendeten Browsers sowie des von Ihnen bei dem Zugriff verwendete Betriebssystem Ihres Endger\u00e4tes<\/li>\n<li>Zugriffsdatum und -uhrzeit,<\/li>\n<li>Bezeichnung und URL der aufgerufenen Datei,<\/li>\n<li>Website, von der aus der Zugriff erfolgt (Referrer-URL),<\/li>\n<\/ul>\n<p>Diese Daten werden ausschlie\u00dflich zu administrativen Zwecken wie<\/p>\n<ul>\n<li>der Erm\u00f6glichung und Gew\u00e4hrleistung eines ordentlichen Verbindungsaufbaus zu unserer Website sowie zur Gew\u00e4hrleistung deren komfortabler Nutzung und<\/li>\n<li>zur Gew\u00e4hrleistung der Systemsicherheit und -stabilit\u00e4t verarbeitet.<\/li>\n<\/ul>\n<p>Dar\u00fcber hinaus werden durch uns keine weiteren Ihrer personenbezogenen Daten ohne Ihr ausdr\u00fcckliches Einverst\u00e4ndnis erhoben. Insbesondere setzen wir auf unserer Website keine Cookies oder Analysedienste ein.<\/p>\n<p>&nbsp;<\/p>\n<p><strong>Verantwortlicher:<\/strong><\/p>\n<p>Verantwortlich f\u00fcr die Datenverarbeitung im Zusammenhang mit dieser Website ist Frau Margareta Thalmaier, Am Stocket 1, 83257 Gstadt.<\/p>\n<p>&nbsp;<\/p>\n<p><strong>Ihre Widerspruchsrechte:<\/strong><\/p>\n<p>Soweit Ihre personenbezogenen Daten auf Grundlage von berechtigten Interessen gem\u00e4\u00df Art. 6 Abs. 1 S. 1 lit. f DSGVO verarbeitet werden, haben Sie gem\u00e4\u00df Art. 21 DSGVO das Recht, Widerspruch gegen die Verarbeitung Ihrer Daten zu erheben, soweit daf\u00fcr sich aus Ihrer besonderen Situation ergebende Gr\u00fcnde vorliegen. Daneben haben Sie gem\u00e4\u00df Art. 21 DSGVO ein generelles Widerspruchsrecht gegen Direktwerbung. M\u00f6chten Sie von Ihrem Recht Gebrauch machen, d\u00fcrfen Sie diesen Widerspruch gern an unseren Datenschutzbeauftragten richten (zu den Kontaktdaten siehe unten).<\/p>\n<p>&nbsp;<\/p>\n<p><strong>Ihre weiteren Rechte:<\/strong><\/p>\n<p>Sie haben jederzeit das Recht auf unentgeltliche Auskunft \u00fcber Ihre gespeicherten personenbezogenen Daten, deren Herkunft und Empf\u00e4nger und den Zweck der Datenverarbeitung sowie ein Recht auf Berichtigung, Sperrung oder L\u00f6schung dieser Daten. Hierzu sowie zu weiteren Fragen zum Thema personenbezogene Daten k\u00f6nnen Sie sich jederzeit an unseren Datenschutzbeauftragten wenden. Im Einzelnen haben Sie folgende Rechte:<\/p>\n<ul>\n<li>Gem\u00e4\u00df Art. 15 DSGVO d\u00fcrfen Sie Auskunft \u00fcber Ihre von uns verarbeiteten personenbezogenen Daten verlangen. Hierzu z\u00e4hlt insbesondere, jedoch nicht abschlie\u00dfend, die Auskunft \u00fcber die Verarbeitungszwecke, die Datenkategorien, Kategorien von Empf\u00e4ngern Ihrer Daten, die beabsichtigte Dauer der Speicherung, das Bestehen eines Rechts auf Berichtigung, L\u00f6schung oder Einschr\u00e4nkung der Verarbeitung, das Bestehen eines Rechts auf Widerspruch und\/oder Beschwerde.<\/li>\n<li>Gem\u00e4\u00df Art. 16 DSGVO d\u00fcrfen Sie unverz\u00fcglich die Berichtigung oder Vervollst\u00e4ndigung Ihrer bei uns gespeicherten personenbezogenen Daten verlangen;<\/li>\n<li>Gem\u00e4\u00df Art. 17 DSGVO haben Sie das Recht, die L\u00f6schung Ihrer gespeicherten personenbezogenen Daten zu verlangen, soweit nicht die Verarbeitung zur Aus\u00fcbung des Rechts auf freie Meinungs\u00e4u\u00dferung und Information, zur Erf\u00fcllung einer rechtlichen Verpflichtung, aus Gr\u00fcnden des \u00f6ffentlichen Interesses oder zur Geltendmachung, Aus\u00fcbung oder Verteidigung von Rechtsanspr\u00fcchen erforderlich ist.<\/li>\n<li>Gem\u00e4\u00df Art. 18 DSGVO k\u00f6nnen Sie die Einschr\u00e4nkung der Verarbeitung Ihrer personenbezogenen Daten verlangen, soweit Sie die Richtigkeit der Daten bestreiten, die Verarbeitung unrechtm\u00e4\u00dfig ist, Sie aber deren L\u00f6schung ablehnen und wir die Daten nicht mehr ben\u00f6tigen, Sie jedoch diese zur Geltendmachung, Aus\u00fcbung oder Verteidigung von Rechtsanspr\u00fcchen ben\u00f6tigen oder Sie gem\u00e4\u00df Art. 21 DSGVO Widerspruch gegen die Verarbeitung eingelegt haben;<\/li>\n<li>Gem\u00e4\u00df Art. 20 DSGVO haben Sie zudem Anspruch darauf, Ihre personenbezogenen Daten, die Sie uns bereitgestellt haben, in einem strukturierten, g\u00e4ngigen und maschinenlesebaren Format zu erhalten. Au\u00dferdem d\u00fcrfen Sie die \u00dcbermittlung an einen anderen Verantwortlichen verlangen;<\/li>\n<li>Sie haben gem\u00e4\u00df Art. 7 Abs. 3 DSGVO das Recht, Ihre einmal erteilte Einwilligung jederzeit zu widerrufen mit der Folge, dass wir die entsprechende Datenverarbeitung f\u00fcr die Zukunft nicht mehr fortf\u00fchren d\u00fcrfen und<\/li>\n<li>Gem\u00e4\u00df Art. 77 DSGVO steht Ihnen ein Beschwerderecht zu. Dieses ist bei einer Aufsichtsbeh\u00f6rde auszu\u00fcben. In der Regel k\u00f6nnen Sie sich hierf\u00fcr an die Aufsichtsbeh\u00f6rde Ihres \u00fcblichen Aufenthaltsortes oder Arbeitsplatzes oder unseres Unternehmenssitzes wenden.<\/li>\n<\/ul>\n<p>&nbsp;<\/p>\n<p><strong>Hinweis zur Daten\u00fcbertragung:<\/strong><\/p>\n<p>Wir weisen darauf hin, dass die Daten\u00fcbertragung im Internet (z.B. bei der Kommunikation per E-Mail) Sicherheitsl\u00fccken aufweisen kann. Ein l\u00fcckenloser Schutz der Daten vor dem Zugriff durch Dritte ist nicht m\u00f6glich.<\/p>\n<p>&nbsp;<\/p>\n<p><strong>G\u00fcltigkeit und \u00c4nderung unserer Datenschutzbestimmungen:<\/strong><\/p>\n<p>Diese Datenschutzerkl\u00e4rung hat den Stand 01\/2019 und ist aktuell g\u00fcltig. Wir behalten uns vor, diese Datenschutzerkl\u00e4rung gelegentlich anzupassen, damit sie stets den aktuellen rechtlichen Anforderungen entspricht oder um \u00c4nderungen unserer Leistungen in der Datenschutzerkl\u00e4rung umzusetzen, z. B. bei der Einf\u00fchrung neuer Services. F\u00fcr Ihren erneuten Besuch gilt dann die neue Datenschutzerkl\u00e4rung.<\/p>\n<p>&nbsp;<\/p>\n<p><strong>Widerspruch Werbe-Mails:<\/strong><\/p>\n<p>Der Nutzung von im Rahmen der Impressumspflicht ver\u00f6ffentlichten Kontaktdaten zur \u00dcbersendung von nicht ausdr\u00fccklich angeforderter Werbung und Informationsmaterialien wird hiermit widersprochen. Die Betreiber der Seiten behalten sich ausdr\u00fccklich rechtliche Schritte im Falle der unverlangten Zusendung von Werbeinformationen, etwa durch Spam-E-Mails, vor.<\/p>\n<p>&nbsp;<\/p>\n<p>______________________________________<\/p>\n","protected":false},"excerpt":{"rendered":"<p>Erfassung und Verarbeitung personenbezogener Daten: Bei der Nutzung dieser Website ayurveda-am-chiemsee.com werden durch den von Ihnen verwendeten Internet-Browser Daten an den Server [&hellip;]<\/p>\n","protected":false},"author":1,"featured_media":0,"parent":0,"menu_order":0,"comment_status":"closed","ping_status":"closed","template":"page-templates\/page_fullwidth.php","meta":{"footnotes":""},"class_list":["post-37","page","type-page","status-publish","hentry"],"yoast_head":"<!-- This site is optimized with the Yoast SEO plugin v19.7.2 - https:\/\/yoast.com\/wordpress\/plugins\/seo\/ -->\n<title>Datenschutzerkl\u00e4rung - Ayurveda am Chiemsee<\/title>\n<meta name=\"robots\" content=\"index, follow, max-snippet:-1, max-image-preview:large, max-video-preview:-1\" \/>\n<link rel=\"canonical\" href=\"https:\/\/ayurveda-am-chiemsee.com\/index.php\/datenschutzerklaerung\/\" \/>\n<meta property=\"og:locale\" content=\"de_DE\" \/>\n<meta property=\"og:type\" content=\"article\" \/>\n<meta property=\"og:title\" content=\"Datenschutzerkl\u00e4rung - Ayurveda am Chiemsee\" \/>\n<meta property=\"og:description\" content=\"Erfassung und Verarbeitung personenbezogener Daten: Bei der Nutzung dieser Website ayurveda-am-chiemsee.com werden durch den von Ihnen verwendeten Internet-Browser Daten an den Server [&hellip;]\" \/>\n<meta property=\"og:url\" content=\"https:\/\/ayurveda-am-chiemsee.com\/index.php\/datenschutzerklaerung\/\" \/>\n<meta property=\"og:site_name\" content=\"Ayurveda am Chiemsee\" \/>\n<meta property=\"article:modified_time\" content=\"2021-03-18T10:26:18+00:00\" \/>\n<meta name=\"twitter:card\" content=\"summary_large_image\" \/>\n<meta name=\"twitter:label1\" content=\"Gesch\u00e4tzte Lesezeit\" \/>\n\t<meta name=\"twitter:data1\" content=\"4\u00a0Minuten\" \/>\n<script type=\"application\/ld+json\" class=\"yoast-schema-graph\">{\"@context\":\"https:\/\/schema.org\",\"@graph\":[{\"@type\":\"WebPage\",\"@id\":\"https:\/\/ayurveda-am-chiemsee.com\/index.php\/datenschutzerklaerung\/\",\"url\":\"https:\/\/ayurveda-am-chiemsee.com\/index.php\/datenschutzerklaerung\/\",\"name\":\"Datenschutzerkl\u00e4rung - Ayurveda am Chiemsee\",\"isPartOf\":{\"@id\":\"https:\/\/ayurveda-am-chiemsee.com\/#website\"},\"datePublished\":\"2021-02-26T10:49:54+00:00\",\"dateModified\":\"2021-03-18T10:26:18+00:00\",\"breadcrumb\":{\"@id\":\"https:\/\/ayurveda-am-chiemsee.com\/index.php\/datenschutzerklaerung\/#breadcrumb\"},\"inLanguage\":\"de\",\"potentialAction\":[{\"@type\":\"ReadAction\",\"target\":[\"https:\/\/ayurveda-am-chiemsee.com\/index.php\/datenschutzerklaerung\/\"]}]},{\"@type\":\"BreadcrumbList\",\"@id\":\"https:\/\/ayurveda-am-chiemsee.com\/index.php\/datenschutzerklaerung\/#breadcrumb\",\"itemListElement\":[{\"@type\":\"ListItem\",\"position\":1,\"name\":\"Startseite\",\"item\":\"https:\/\/ayurveda-am-chiemsee.com\/\"},{\"@type\":\"ListItem\",\"position\":2,\"name\":\"Datenschutzerkl\u00e4rung\"}]},{\"@type\":\"WebSite\",\"@id\":\"https:\/\/ayurveda-am-chiemsee.com\/#website\",\"url\":\"https:\/\/ayurveda-am-chiemsee.com\/\",\"name\":\"Ayurveda am Chiemsee\",\"description\":\"Gesundheit | Entspannung | Wohlbefinden\",\"potentialAction\":[{\"@type\":\"SearchAction\",\"target\":{\"@type\":\"EntryPoint\",\"urlTemplate\":\"https:\/\/ayurveda-am-chiemsee.com\/?s={search_term_string}\"},\"query-input\":\"required name=search_term_string\"}],\"inLanguage\":\"de\"}]}<\/script>\n<!-- \/ Yoast SEO plugin. -->","yoast_head_json":{"title":"Datenschutzerkl\u00e4rung - Ayurveda am Chiemsee","robots":{"index":"index","follow":"follow","max-snippet":"max-snippet:-1","max-image-preview":"max-image-preview:large","max-video-preview":"max-video-preview:-1"},"canonical":"https:\/\/ayurveda-am-chiemsee.com\/index.php\/datenschutzerklaerung\/","og_locale":"de_DE","og_type":"article","og_title":"Datenschutzerkl\u00e4rung - Ayurveda am Chiemsee","og_description":"Erfassung und Verarbeitung personenbezogener Daten: Bei der Nutzung dieser Website ayurveda-am-chiemsee.com werden durch den von Ihnen verwendeten Internet-Browser Daten an den Server [&hellip;]","og_url":"https:\/\/ayurveda-am-chiemsee.com\/index.php\/datenschutzerklaerung\/","og_site_name":"Ayurveda am Chiemsee","article_modified_time":"2021-03-18T10:26:18+00:00","twitter_card":"summary_large_image","twitter_misc":{"Gesch\u00e4tzte Lesezeit":"4\u00a0Minuten"},"schema":{"@context":"https:\/\/schema.org","@graph":[{"@type":"WebPage","@id":"https:\/\/ayurveda-am-chiemsee.com\/index.php\/datenschutzerklaerung\/","url":"https:\/\/ayurveda-am-chiemsee.com\/index.php\/datenschutzerklaerung\/","name":"Datenschutzerkl\u00e4rung - Ayurveda am Chiemsee","isPartOf":{"@id":"https:\/\/ayurveda-am-chiemsee.com\/#website"},"datePublished":"2021-02-26T10:49:54+00:00","dateModified":"2021-03-18T10:26:18+00:00","breadcrumb":{"@id":"https:\/\/ayurveda-am-chiemsee.com\/index.php\/datenschutzerklaerung\/#breadcrumb"},"inLanguage":"de","potentialAction":[{"@type":"ReadAction","target":["https:\/\/ayurveda-am-chiemsee.com\/index.php\/datenschutzerklaerung\/"]}]},{"@type":"BreadcrumbList","@id":"https:\/\/ayurveda-am-chiemsee.com\/index.php\/datenschutzerklaerung\/#breadcrumb","itemListElement":[{"@type":"ListItem","position":1,"name":"Startseite","item":"https:\/\/ayurveda-am-chiemsee.com\/"},{"@type":"ListItem","position":2,"name":"Datenschutzerkl\u00e4rung"}]},{"@type":"WebSite","@id":"https:\/\/ayurveda-am-chiemsee.com\/#website","url":"https:\/\/ayurveda-am-chiemsee.com\/","name":"Ayurveda am Chiemsee","description":"Gesundheit | Entspannung | Wohlbefinden","potentialAction":[{"@type":"SearchAction","target":{"@type":"EntryPoint","urlTemplate":"https:\/\/ayurveda-am-chiemsee.com\/?s={search_term_string}"},"query-input":"required name=search_term_string"}],"inLanguage":"de"}]}},"_links":{"self":[{"href":"https:\/\/ayurveda-am-chiemsee.com\/index.php\/wp-json\/wp\/v2\/pages\/37","targetHints":{"allow":["GET"]}}],"collection":[{"href":"https:\/\/ayurveda-am-chiemsee.com\/index.php\/wp-json\/wp\/v2\/pages"}],"about":[{"href":"https:\/\/ayurveda-am-chiemsee.com\/index.php\/wp-json\/wp\/v2\/types\/page"}],"author":[{"embeddable":true,"href":"https:\/\/ayurveda-am-chiemsee.com\/index.php\/wp-json\/wp\/v2\/users\/1"}],"replies":[{"embeddable":true,"href":"https:\/\/ayurveda-am-chiemsee.com\/index.php\/wp-json\/wp\/v2\/comments?post=37"}],"version-history":[{"count":4,"href":"https:\/\/ayurveda-am-chiemsee.com\/index.php\/wp-json\/wp\/v2\/pages\/37\/revisions"}],"predecessor-version":[{"id":229,"href":"https:\/\/ayurveda-am-chiemsee.com\/index.php\/wp-json\/wp\/v2\/pages\/37\/revisions\/229"}],"wp:attachment":[{"href":"https:\/\/ayurveda-am-chiemsee.com\/index.php\/wp-json\/wp\/v2\/media?parent=37"}],"curies":[{"name":"wp","href":"https:\/\/api.w.org\/{rel}","templated":true}]}}