{"id":75,"date":"2021-02-26T12:15:47","date_gmt":"2021-02-26T12:15:47","guid":{"rendered":"https:\/\/ayurveda-am-chiemsee.com\/?page_id=75"},"modified":"2021-04-16T11:09:39","modified_gmt":"2021-04-16T11:09:39","slug":"ayurveda-kuren","status":"publish","type":"page","link":"https:\/\/ayurveda-am-chiemsee.com\/index.php\/ayurveda-kuren\/","title":{"rendered":"Ayurveda Kuren"},"content":{"rendered":"<div id=\"pl-75\"  class=\"panel-layout\" ><div id=\"pg-75-0\"  class=\"panel-grid panel-has-style\" ><div style=\"padding: 100px 0; \" data-overlay=\"true\" class=\"panel-row-style panel-row-style-for-75-0\" ><div id=\"pgc-75-0-0\"  class=\"panel-grid-cell\" ><div id=\"panel-75-0-0-0\" class=\"so-panel widget widget_sow-editor panel-first-child panel-last-child\" data-index=\"0\" ><div style=\"text-align: left;\" data-title-color=\"#443f3f\" data-headings-color=\"#443f3f\" class=\"panel-widget-style panel-widget-style-for-75-0-0-0\" ><div\n\t\t\t\n\t\t\tclass=\"so-widget-sow-editor so-widget-sow-editor-base\"\n\t\t\t\n\t\t>\n<div class=\"siteorigin-widget-tinymce textwidget\">\n\t<h3>Ayurveda Kuren<\/h3>\n<p>&nbsp;<\/p>\n<p>Aus ayurvedischer Sicht ist jeder Mensch ein einzigartiges Individuum - und damit die Kur und Therapie so individuell wie Sie selbst. Die ayurvedische Medizin dient als der nat\u00fcrliche Weg, den K\u00f6rper von Krankheiten und Disharmonien zu befreien. Ayurveda versteht die Pflege des K\u00f6rpers als zentrales Element - wobei hier neben der individuell abgestimmten Haut- und K\u00f6rperpflege eine konstitutionsgerechte Ern\u00e4hrung ebenso bedeutsam ist wie die Kombination aus Massagen und \u00d6lbehandlungen zur Tiefenreinigung, Zellerneuerung und K\u00f6rpermodellierung. Vervollst\u00e4ndigt wird eine ayurvedische Kur zudem durch spezielle K\u00f6rper\u00fcbungen, welche angelehnt sind an die Praxis des Yoga sowie die altindische Kampfkunst des Kalarippayattu.<\/p>\n<p>Gerne biete ich Ayurveda Kuren ambulant an. Teile einer Kur sind sodann auf Basis der individuellen Anamnese entsprechende <a href=\"https:\/\/ayurveda-am-chiemsee.com\/index.php\/kalari-massagen\/\" target=\"_blank\" rel=\"noopener\">Massagen<\/a> sowie weitere Behandlungen nach Bedarf.<\/p>\n<a class=\"maxbutton-2 maxbutton maxbutton-kontakt\" target=\"_blank\" rel=\"noopener\" href=\"\/index.php\/kontakt\/\"><span class='mb-text'>Kontakt<\/span><\/a>\n<p>&nbsp;<\/p>\n<\/div>\n<\/div><\/div><\/div><\/div><\/div><\/div><div id=\"pg-75-1\"  class=\"panel-grid panel-has-style\" ><div style=\"padding: 100px 0; \" data-overlay=\"true\" data-overlay-color=\"#000000\" class=\"panel-row-style panel-row-style-for-75-1\" ><div id=\"pgc-75-1-0\"  class=\"panel-grid-cell\" ><div id=\"panel-75-1-0-0\" class=\"so-panel widget widget_sow-image panel-first-child panel-last-child\" data-index=\"1\" ><div style=\"text-align: left;\" data-title-color=\"#443f3f\" data-headings-color=\"#443f3f\" class=\"panel-widget-style panel-widget-style-for-75-1-0-0\" ><div\n\t\t\t\n\t\t\tclass=\"so-widget-sow-image so-widget-sow-image-default-8b5b6f678277-75\"\n\t\t\t\n\t\t>\n<div class=\"sow-image-container\">\n\t\t<img \n\tsrc=\"https:\/\/ayurveda-am-chiemsee.com\/wp-content\/uploads\/2021\/04\/Kesel-2-scaled-e1618571344363.jpg\" width=\"1438\" height=\"956\" srcset=\"https:\/\/ayurveda-am-chiemsee.com\/wp-content\/uploads\/2021\/04\/Kesel-2-scaled-e1618571344363.jpg 1438w, https:\/\/ayurveda-am-chiemsee.com\/wp-content\/uploads\/2021\/04\/Kesel-2-scaled-e1618571344363-300x199.jpg 300w, https:\/\/ayurveda-am-chiemsee.com\/wp-content\/uploads\/2021\/04\/Kesel-2-scaled-e1618571344363-1024x681.jpg 1024w, https:\/\/ayurveda-am-chiemsee.com\/wp-content\/uploads\/2021\/04\/Kesel-2-scaled-e1618571344363-768x511.jpg 768w, https:\/\/ayurveda-am-chiemsee.com\/wp-content\/uploads\/2021\/04\/Kesel-2-scaled-e1618571344363-830x552.jpg 830w, https:\/\/ayurveda-am-chiemsee.com\/wp-content\/uploads\/2021\/04\/Kesel-2-scaled-e1618571344363-230x153.jpg 230w, https:\/\/ayurveda-am-chiemsee.com\/wp-content\/uploads\/2021\/04\/Kesel-2-scaled-e1618571344363-350x233.jpg 350w, https:\/\/ayurveda-am-chiemsee.com\/wp-content\/uploads\/2021\/04\/Kesel-2-scaled-e1618571344363-480x319.jpg 480w, https:\/\/ayurveda-am-chiemsee.com\/wp-content\/uploads\/2021\/04\/Kesel-2-scaled-e1618571344363-272x182.jpg 272w\" sizes=\"(max-width: 1438px) 100vw, 1438px\" title=\"https:\/\/taekwondo-prien.de\/\" alt=\"Ayurveda am Chiemsee\" \t\tclass=\"so-widget-image\"\/>\n\t<\/div>\n\n<\/div><\/div><\/div><\/div><div id=\"pgc-75-1-1\"  class=\"panel-grid-cell\" ><div id=\"panel-75-1-1-0\" class=\"so-panel widget widget_sow-image panel-first-child panel-last-child\" data-index=\"2\" ><div style=\"text-align: left;\" data-title-color=\"#443f3f\" data-headings-color=\"#443f3f\" class=\"panel-widget-style panel-widget-style-for-75-1-1-0\" ><div\n\t\t\t\n\t\t\tclass=\"so-widget-sow-image so-widget-sow-image-default-8b5b6f678277-75\"\n\t\t\t\n\t\t>\n<div class=\"sow-image-container\">\n\t\t<img \n\tsrc=\"https:\/\/ayurveda-am-chiemsee.com\/wp-content\/uploads\/2021\/03\/marco-secchi-uZtwAxlGhtg-unsplash-scaled.jpg\" width=\"2560\" height=\"1701\" srcset=\"https:\/\/ayurveda-am-chiemsee.com\/wp-content\/uploads\/2021\/03\/marco-secchi-uZtwAxlGhtg-unsplash-scaled.jpg 2560w, https:\/\/ayurveda-am-chiemsee.com\/wp-content\/uploads\/2021\/03\/marco-secchi-uZtwAxlGhtg-unsplash-300x199.jpg 300w, https:\/\/ayurveda-am-chiemsee.com\/wp-content\/uploads\/2021\/03\/marco-secchi-uZtwAxlGhtg-unsplash-1024x680.jpg 1024w, https:\/\/ayurveda-am-chiemsee.com\/wp-content\/uploads\/2021\/03\/marco-secchi-uZtwAxlGhtg-unsplash-768x510.jpg 768w, https:\/\/ayurveda-am-chiemsee.com\/wp-content\/uploads\/2021\/03\/marco-secchi-uZtwAxlGhtg-unsplash-1536x1020.jpg 1536w, https:\/\/ayurveda-am-chiemsee.com\/wp-content\/uploads\/2021\/03\/marco-secchi-uZtwAxlGhtg-unsplash-2048x1361.jpg 2048w, https:\/\/ayurveda-am-chiemsee.com\/wp-content\/uploads\/2021\/03\/marco-secchi-uZtwAxlGhtg-unsplash-830x551.jpg 830w, https:\/\/ayurveda-am-chiemsee.com\/wp-content\/uploads\/2021\/03\/marco-secchi-uZtwAxlGhtg-unsplash-230x153.jpg 230w, https:\/\/ayurveda-am-chiemsee.com\/wp-content\/uploads\/2021\/03\/marco-secchi-uZtwAxlGhtg-unsplash-350x233.jpg 350w, https:\/\/ayurveda-am-chiemsee.com\/wp-content\/uploads\/2021\/03\/marco-secchi-uZtwAxlGhtg-unsplash-480x319.jpg 480w, https:\/\/ayurveda-am-chiemsee.com\/wp-content\/uploads\/2021\/03\/marco-secchi-uZtwAxlGhtg-unsplash-272x182.jpg 272w\" sizes=\"(max-width: 2560px) 100vw, 2560px\" title=\"Ayurveda am Chiemsee\" alt=\"Ayurveda am Chiemsee\" \t\tclass=\"so-widget-image\"\/>\n\t<\/div>\n\n<\/div><\/div><\/div><\/div><\/div><\/div><\/div>","protected":false},"excerpt":{"rendered":"<p>Ayurveda Kuren &nbsp; Aus ayurvedischer Sicht ist jeder Mensch ein einzigartiges Individuum &#8211; und damit die Kur und Therapie so individuell wie [&hellip;]<\/p>\n","protected":false},"author":1,"featured_media":0,"parent":0,"menu_order":0,"comment_status":"closed","ping_status":"closed","template":"page-templates\/page_fullwidth.php","meta":{"footnotes":""},"class_list":["post-75","page","type-page","status-publish","hentry"],"yoast_head":"<!-- This site is optimized with the Yoast SEO plugin v19.7.2 - https:\/\/yoast.com\/wordpress\/plugins\/seo\/ -->\n<title>Ayurveda Kuren - Ayurveda am Chiemsee<\/title>\n<meta name=\"robots\" content=\"index, follow, max-snippet:-1, max-image-preview:large, max-video-preview:-1\" \/>\n<link rel=\"canonical\" href=\"https:\/\/ayurveda-am-chiemsee.com\/index.php\/ayurveda-kuren\/\" \/>\n<meta property=\"og:locale\" content=\"de_DE\" \/>\n<meta property=\"og:type\" content=\"article\" \/>\n<meta property=\"og:title\" content=\"Ayurveda Kuren - Ayurveda am Chiemsee\" \/>\n<meta property=\"og:description\" content=\"Ayurveda Kuren &nbsp; Aus ayurvedischer Sicht ist jeder Mensch ein einzigartiges Individuum - und damit die Kur und Therapie so individuell wie [&hellip;]\" \/>\n<meta property=\"og:url\" content=\"https:\/\/ayurveda-am-chiemsee.com\/index.php\/ayurveda-kuren\/\" \/>\n<meta property=\"og:site_name\" content=\"Ayurveda am Chiemsee\" \/>\n<meta property=\"article:modified_time\" content=\"2021-04-16T11:09:39+00:00\" \/>\n<meta name=\"twitter:card\" content=\"summary_large_image\" \/>\n<meta name=\"twitter:label1\" content=\"Gesch\u00e4tzte Lesezeit\" \/>\n\t<meta name=\"twitter:data1\" content=\"1\u00a0Minute\" \/>\n<script type=\"application\/ld+json\" class=\"yoast-schema-graph\">{\"@context\":\"https:\/\/schema.org\",\"@graph\":[{\"@type\":\"WebPage\",\"@id\":\"https:\/\/ayurveda-am-chiemsee.com\/index.php\/ayurveda-kuren\/\",\"url\":\"https:\/\/ayurveda-am-chiemsee.com\/index.php\/ayurveda-kuren\/\",\"name\":\"Ayurveda Kuren - Ayurveda am Chiemsee\",\"isPartOf\":{\"@id\":\"https:\/\/ayurveda-am-chiemsee.com\/#website\"},\"datePublished\":\"2021-02-26T12:15:47+00:00\",\"dateModified\":\"2021-04-16T11:09:39+00:00\",\"breadcrumb\":{\"@id\":\"https:\/\/ayurveda-am-chiemsee.com\/index.php\/ayurveda-kuren\/#breadcrumb\"},\"inLanguage\":\"de\",\"potentialAction\":[{\"@type\":\"ReadAction\",\"target\":[\"https:\/\/ayurveda-am-chiemsee.com\/index.php\/ayurveda-kuren\/\"]}]},{\"@type\":\"BreadcrumbList\",\"@id\":\"https:\/\/ayurveda-am-chiemsee.com\/index.php\/ayurveda-kuren\/#breadcrumb\",\"itemListElement\":[{\"@type\":\"ListItem\",\"position\":1,\"name\":\"Startseite\",\"item\":\"https:\/\/ayurveda-am-chiemsee.com\/\"},{\"@type\":\"ListItem\",\"position\":2,\"name\":\"Ayurveda Kuren\"}]},{\"@type\":\"WebSite\",\"@id\":\"https:\/\/ayurveda-am-chiemsee.com\/#website\",\"url\":\"https:\/\/ayurveda-am-chiemsee.com\/\",\"name\":\"Ayurveda am Chiemsee\",\"description\":\"Gesundheit | Entspannung | Wohlbefinden\",\"potentialAction\":[{\"@type\":\"SearchAction\",\"target\":{\"@type\":\"EntryPoint\",\"urlTemplate\":\"https:\/\/ayurveda-am-chiemsee.com\/?s={search_term_string}\"},\"query-input\":\"required name=search_term_string\"}],\"inLanguage\":\"de\"}]}<\/script>\n<!-- \/ Yoast SEO plugin. -->","yoast_head_json":{"title":"Ayurveda Kuren - Ayurveda am Chiemsee","robots":{"index":"index","follow":"follow","max-snippet":"max-snippet:-1","max-image-preview":"max-image-preview:large","max-video-preview":"max-video-preview:-1"},"canonical":"https:\/\/ayurveda-am-chiemsee.com\/index.php\/ayurveda-kuren\/","og_locale":"de_DE","og_type":"article","og_title":"Ayurveda Kuren - Ayurveda am Chiemsee","og_description":"Ayurveda Kuren &nbsp; Aus ayurvedischer Sicht ist jeder Mensch ein einzigartiges Individuum - und damit die Kur und Therapie so individuell wie [&hellip;]","og_url":"https:\/\/ayurveda-am-chiemsee.com\/index.php\/ayurveda-kuren\/","og_site_name":"Ayurveda am Chiemsee","article_modified_time":"2021-04-16T11:09:39+00:00","twitter_card":"summary_large_image","twitter_misc":{"Gesch\u00e4tzte Lesezeit":"1\u00a0Minute"},"schema":{"@context":"https:\/\/schema.org","@graph":[{"@type":"WebPage","@id":"https:\/\/ayurveda-am-chiemsee.com\/index.php\/ayurveda-kuren\/","url":"https:\/\/ayurveda-am-chiemsee.com\/index.php\/ayurveda-kuren\/","name":"Ayurveda Kuren - Ayurveda am Chiemsee","isPartOf":{"@id":"https:\/\/ayurveda-am-chiemsee.com\/#website"},"datePublished":"2021-02-26T12:15:47+00:00","dateModified":"2021-04-16T11:09:39+00:00","breadcrumb":{"@id":"https:\/\/ayurveda-am-chiemsee.com\/index.php\/ayurveda-kuren\/#breadcrumb"},"inLanguage":"de","potentialAction":[{"@type":"ReadAction","target":["https:\/\/ayurveda-am-chiemsee.com\/index.php\/ayurveda-kuren\/"]}]},{"@type":"BreadcrumbList","@id":"https:\/\/ayurveda-am-chiemsee.com\/index.php\/ayurveda-kuren\/#breadcrumb","itemListElement":[{"@type":"ListItem","position":1,"name":"Startseite","item":"https:\/\/ayurveda-am-chiemsee.com\/"},{"@type":"ListItem","position":2,"name":"Ayurveda Kuren"}]},{"@type":"WebSite","@id":"https:\/\/ayurveda-am-chiemsee.com\/#website","url":"https:\/\/ayurveda-am-chiemsee.com\/","name":"Ayurveda am Chiemsee","description":"Gesundheit | Entspannung | Wohlbefinden","potentialAction":[{"@type":"SearchAction","target":{"@type":"EntryPoint","urlTemplate":"https:\/\/ayurveda-am-chiemsee.com\/?s={search_term_string}"},"query-input":"required name=search_term_string"}],"inLanguage":"de"}]}},"_links":{"self":[{"href":"https:\/\/ayurveda-am-chiemsee.com\/index.php\/wp-json\/wp\/v2\/pages\/75","targetHints":{"allow":["GET"]}}],"collection":[{"href":"https:\/\/ayurveda-am-chiemsee.com\/index.php\/wp-json\/wp\/v2\/pages"}],"about":[{"href":"https:\/\/ayurveda-am-chiemsee.com\/index.php\/wp-json\/wp\/v2\/types\/page"}],"author":[{"embeddable":true,"href":"https:\/\/ayurveda-am-chiemsee.com\/index.php\/wp-json\/wp\/v2\/users\/1"}],"replies":[{"embeddable":true,"href":"https:\/\/ayurveda-am-chiemsee.com\/index.php\/wp-json\/wp\/v2\/comments?post=75"}],"version-history":[{"count":25,"href":"https:\/\/ayurveda-am-chiemsee.com\/index.php\/wp-json\/wp\/v2\/pages\/75\/revisions"}],"predecessor-version":[{"id":279,"href":"https:\/\/ayurveda-am-chiemsee.com\/index.php\/wp-json\/wp\/v2\/pages\/75\/revisions\/279"}],"wp:attachment":[{"href":"https:\/\/ayurveda-am-chiemsee.com\/index.php\/wp-json\/wp\/v2\/media?parent=75"}],"curies":[{"name":"wp","href":"https:\/\/api.w.org\/{rel}","templated":true}]}}